{"id":6819,"date":"2026-04-15T19:38:30","date_gmt":"2026-04-15T19:38:30","guid":{"rendered":"https:\/\/www.skarbyziemi-alis.pl\/?page_id=6819"},"modified":"2026-04-15T19:38:30","modified_gmt":"2026-04-15T19:38:30","slug":"krzemien-pasiasty","status":"publish","type":"page","link":"https:\/\/www.skarbyziemi-alis.pl\/index.php\/kamienie-mineraly\/krzemien-pasiasty\/","title":{"rendered":"Krzemie\u0144 pasiasty"},"content":{"rendered":"<div class=\"wpb-content-wrapper\">[vc_row content_placement=&#8221;middle&#8221;][vc_column width=&#8221;4\/5&#8243; offset=&#8221;vc_col-lg-offset-1&#8243;][vc_column_text css=&#8221;&#8221; animation=&#8221;animation scale&#8221;]\n<figure class=\"wp-block-image size-full\"><img loading=\"lazy\" decoding=\"async\" class=\"aligncenter wp-image-5670 size-medium\" src=\"https:\/\/www.skarbyziemi-alis.pl\/wp-content\/uploads\/2026\/01\/Krzemien-pasiasty-plaster-2-225x300.jpg\" alt=\"Krzemie\u0144 pasiasty\" width=\"225\" height=\"300\" srcset=\"https:\/\/www.skarbyziemi-alis.pl\/wp-content\/uploads\/2026\/01\/Krzemien-pasiasty-plaster-2-225x300.jpg 225w, https:\/\/www.skarbyziemi-alis.pl\/wp-content\/uploads\/2026\/01\/Krzemien-pasiasty-plaster-2-113x150.jpg 113w, https:\/\/www.skarbyziemi-alis.pl\/wp-content\/uploads\/2026\/01\/Krzemien-pasiasty-plaster-2-450x600.jpg 450w, https:\/\/www.skarbyziemi-alis.pl\/wp-content\/uploads\/2026\/01\/Krzemien-pasiasty-plaster-2.jpg 750w\" sizes=\"auto, (max-width: 225px) 100vw, 225px\" \/><\/figure>\n[\/vc_column_text][vc_text_separator title=&#8221;Podkategorie&#8221;][\/vc_column][\/vc_row][vc_row et_column_align=&#8221;align-center&#8221; equal_height=&#8221;yes&#8221;][vc_column]\t\t<ul class=\"row products et-product-category-grid masonry et-loader sharp-corners style2\" data-layoutmode=\"packery\">\n\t\t\t\n<li class=\"item col-md-6 product-category product first\">\n\t<div class=\"et-category-inner\"><a href=\"https:\/\/www.skarbyziemi-alis.pl\/index.php\/product-category\/kamienie\/krzemien-pasiasty\/plaster\/\" style=\"background-image:url(https:\/\/www.skarbyziemi-alis.pl\/wp-content\/uploads\/2026\/04\/Krz-pas-450x600.jpg)\"><div class=\"category-caption\">\t\t<h2 class=\"woocommerce-loop-category__title\">\n\t\t\tplaster<mark class=\"count\">4<\/mark>\t\t<\/h2>\n\t\t<\/div><\/a><\/div><\/li>\n\t\t<\/ul>\n\t\t[\/vc_column][\/vc_row][vc_row][vc_column][vc_text_separator title=&#8221;Produkty&#8221; css=&#8221;&#8221;][\/vc_column][\/vc_row][vc_row][vc_column]<div class=\"woocommerce columns-4 \">\n<ul class=\"products row et-main-products hover-animation-zoom-jump et-shop-show-variations et-shop-hover-images show-rating\" data-columns=\"4\" data-mobile-columns=\"2\" data-navigation=\"true\" data-pagination=\"true\" data-layoutmode=\"packery\">\n<li class=\"item et-listing-style1 col-6 col-sm-6 col-md-4 col-lg-3 small_grid_5 product type-product post-5666 status-publish first instock product_cat-kamienie product_cat-krzemien-pasiasty product_cat-plaster has-post-thumbnail shipping-taxable purchasable product-type-simple\">\n\t<div class=\"product-inner animation fade\">\n\t\t<figure class=\"product_thumbnail et-image-hover\">  \n\t\t<a href=\"https:\/\/www.skarbyziemi-alis.pl\/index.php\/product\/krzemien-pasiasty-plaster-1\/\" title=\"Krzemie\u0144 pasiasty plaster 1\"><img loading=\"lazy\" decoding=\"async\" width=\"450\" height=\"600\" src=\"https:\/\/www.skarbyziemi-alis.pl\/wp-content\/uploads\/2026\/01\/Krzemien-pasiasty-plaster-1-450x600.jpg\" class=\"main-image skip-lazy\" alt=\"Krzemie\u0144 pasiasty plaster 1\" srcset=\"https:\/\/www.skarbyziemi-alis.pl\/wp-content\/uploads\/2026\/01\/Krzemien-pasiasty-plaster-1-450x600.jpg 450w, https:\/\/www.skarbyziemi-alis.pl\/wp-content\/uploads\/2026\/01\/Krzemien-pasiasty-plaster-1-225x300.jpg 225w, https:\/\/www.skarbyziemi-alis.pl\/wp-content\/uploads\/2026\/01\/Krzemien-pasiasty-plaster-1-768x1024.jpg 768w, https:\/\/www.skarbyziemi-alis.pl\/wp-content\/uploads\/2026\/01\/Krzemien-pasiasty-plaster-1-1152x1536.jpg 1152w, https:\/\/www.skarbyziemi-alis.pl\/wp-content\/uploads\/2026\/01\/Krzemien-pasiasty-plaster-1-113x150.jpg 113w, https:\/\/www.skarbyziemi-alis.pl\/wp-content\/uploads\/2026\/01\/Krzemien-pasiasty-plaster-1-900x1200.jpg 900w, https:\/\/www.skarbyziemi-alis.pl\/wp-content\/uploads\/2026\/01\/Krzemien-pasiasty-plaster-1.jpg 1500w\" sizes=\"auto, (max-width: 450px) 100vw, 450px\" \/><img loading=\"lazy\" decoding=\"async\" width=\"375\" height=\"500\" src=\"https:\/\/www.skarbyziemi-alis.pl\/wp-content\/uploads\/2026\/01\/Krzemien-pasiasty-plaster-1-2.jpg\" class=\"product_thumbnail_hover\" alt=\"\" srcset=\"https:\/\/www.skarbyziemi-alis.pl\/wp-content\/uploads\/2026\/01\/Krzemien-pasiasty-plaster-1-2.jpg 375w, https:\/\/www.skarbyziemi-alis.pl\/wp-content\/uploads\/2026\/01\/Krzemien-pasiasty-plaster-1-2-225x300.jpg 225w, https:\/\/www.skarbyziemi-alis.pl\/wp-content\/uploads\/2026\/01\/Krzemien-pasiasty-plaster-1-2-113x150.jpg 113w\" sizes=\"auto, (max-width: 375px) 100vw, 375px\" \/><\/a>\n\t\t\t\t<div class=\"actions-wrapper\">\n\t\t\t\t\t\t\t\t\t\t\t\t<a href=https:\/\/www.skarbyziemi-alis.pl\/index.php\/product\/krzemien-pasiasty-plaster-1\/ title=\"Quick View\" data-product_id=\"5666\" class=\"et-quickview-btn et-tooltip product_type_simple\"><span class=\"text\">Quick View<\/span><span class=\"icon\"><span class=\"et-icon et-maximize-2\"><\/span><\/span><\/a>\t\t\t<\/div>\n\t<\/figure>\n\t<div class=\"caption\">\n\t\t<div class=\"product-title\">\n\t\t\t<h2><a class=\"product-link\" href=\"https:\/\/www.skarbyziemi-alis.pl\/index.php\/product\/krzemien-pasiasty-plaster-1\/\" title=\"Krzemie\u0144 pasiasty plaster 1\">Krzemie\u0144 pasiasty plaster 1<\/a><\/h2>\n\t\t\t<div class=\"yith-add-to-wishlist-button-block\" data-product-id=\"5666\" data-attributes=\"{&quot;kind&quot;:&quot;button&quot;}\"><\/div>\t\t<\/div>\n\t\t\n\t\t<div class=\"product_after_title\">\n\n\t\t\t<div class=\"product_after_shop_loop_price\">\n\t\t\t\t\n\t<span class=\"price\"><span class=\"woocommerce-Price-amount amount\"><bdi>59,00&nbsp;<span class=\"woocommerce-Price-currencySymbol\">&#122;&#322;<\/span><\/bdi><\/span><\/span>\n\t\t\t<\/div>\n\n\t\t\t<div class=\"product-excerpt\">\n\t\t\t\t<p>Krzemie\u0144 pasiasty-wyj\u0105tkowy polski kamie\u0144 ozdobny, nazywany &#8222;polskim diamentem&#8221;, o charakterystycznych jasnych i ciemnych pasach. Symbolizuje si\u0142\u0119 wewn\u0119trzn\u0105, ochron\u0119 i stabilno\u015b\u0107; wspiera odwag\u0119, koncentracj\u0119 oraz wytrwa\u0142o\u015b\u0107 w d\u0105\u017ceniu do cel\u00f3w. Uwa\u017cany za kamie\u0144 uziemienia i harmonii, ceniony w bi\u017cuterii oraz jako amulet ochronny. Wymiary produktu: D\u0142ugo\u015b\u0107:+\/-10cm Szeroko\u015b\u0107:+\/-8,5cm Waga-149g Cena dotyczy 1 [&hellip;]<\/p>\n\t\t\t<\/div>\n\n\t\t\t<div class=\"after_shop_loop_actions\">\n\n\t\t\t\t<a href=\"\/index.php\/wp-json\/wp\/v2\/pages\/6819?add-to-cart=5666\" aria-describedby=\"woocommerce_loop_add_to_cart_link_describedby_5666\" data-quantity=\"1\" class=\"button product_type_simple add_to_cart_button ajax_add_to_cart\" data-product_id=\"5666\" data-product_sku=\"\" aria-label=\"Dodaj do koszyka: &bdquo;Krzemie\u0144 pasiasty plaster 1&rdquo;\" rel=\"nofollow\" data-success_message=\"&ldquo;Krzemie\u0144 pasiasty plaster 1&rdquo; zosta\u0142 dodany do twojego koszyka\" role=\"button\"><span class=\"text\">Dodaj do koszyka<\/span><span class=\"icon et-icon et-shopping-bag\"><\/span><\/a>\t<span id=\"woocommerce_loop_add_to_cart_link_describedby_5666\" class=\"screen-reader-text\">\n\t\t<\/span>\n\t\t\t<\/div>\n\n\t\t<\/div>\n\n\t\t\n\t<\/div>\n\n\t<\/div>\n\n<\/li>\n<li class=\"item et-listing-style1 col-6 col-sm-6 col-md-4 col-lg-3 small_grid_5 product type-product post-5669 status-publish instock product_cat-kamienie product_cat-krzemien-pasiasty product_cat-plaster has-post-thumbnail shipping-taxable purchasable product-type-simple\">\n\t<div class=\"product-inner animation fade\">\n\t\t<figure class=\"product_thumbnail et-image-hover\">  \n\t\t<a href=\"https:\/\/www.skarbyziemi-alis.pl\/index.php\/product\/krzemien-pasiasty-plaster-2\/\" title=\"Krzemie\u0144 pasiasty plaster 2\"><img loading=\"lazy\" decoding=\"async\" width=\"450\" height=\"600\" src=\"https:\/\/www.skarbyziemi-alis.pl\/wp-content\/uploads\/2026\/01\/Krzemien-pasiasty-plaster-2-450x600.jpg\" class=\"main-image skip-lazy\" alt=\"Krzemie\u0144 pasiasty plaster 2\" srcset=\"https:\/\/www.skarbyziemi-alis.pl\/wp-content\/uploads\/2026\/01\/Krzemien-pasiasty-plaster-2-450x600.jpg 450w, https:\/\/www.skarbyziemi-alis.pl\/wp-content\/uploads\/2026\/01\/Krzemien-pasiasty-plaster-2-225x300.jpg 225w, https:\/\/www.skarbyziemi-alis.pl\/wp-content\/uploads\/2026\/01\/Krzemien-pasiasty-plaster-2-113x150.jpg 113w, https:\/\/www.skarbyziemi-alis.pl\/wp-content\/uploads\/2026\/01\/Krzemien-pasiasty-plaster-2.jpg 750w\" sizes=\"auto, (max-width: 450px) 100vw, 450px\" \/><img loading=\"lazy\" decoding=\"async\" width=\"450\" height=\"600\" src=\"https:\/\/www.skarbyziemi-alis.pl\/wp-content\/uploads\/2026\/01\/Krzemien-pasiasty-plaster-2-2-450x600.jpg\" class=\"product_thumbnail_hover\" alt=\"\" srcset=\"https:\/\/www.skarbyziemi-alis.pl\/wp-content\/uploads\/2026\/01\/Krzemien-pasiasty-plaster-2-2-450x600.jpg 450w, https:\/\/www.skarbyziemi-alis.pl\/wp-content\/uploads\/2026\/01\/Krzemien-pasiasty-plaster-2-2-225x300.jpg 225w, https:\/\/www.skarbyziemi-alis.pl\/wp-content\/uploads\/2026\/01\/Krzemien-pasiasty-plaster-2-2-113x150.jpg 113w, https:\/\/www.skarbyziemi-alis.pl\/wp-content\/uploads\/2026\/01\/Krzemien-pasiasty-plaster-2-2.jpg 750w\" sizes=\"auto, (max-width: 450px) 100vw, 450px\" \/><\/a>\n\t\t\t\t<div class=\"actions-wrapper\">\n\t\t\t\t\t\t\t\t\t\t\t\t<a href=https:\/\/www.skarbyziemi-alis.pl\/index.php\/product\/krzemien-pasiasty-plaster-2\/ title=\"Quick View\" data-product_id=\"5669\" class=\"et-quickview-btn et-tooltip product_type_simple\"><span class=\"text\">Quick View<\/span><span class=\"icon\"><span class=\"et-icon et-maximize-2\"><\/span><\/span><\/a>\t\t\t<\/div>\n\t<\/figure>\n\t<div class=\"caption\">\n\t\t<div class=\"product-title\">\n\t\t\t<h2><a class=\"product-link\" href=\"https:\/\/www.skarbyziemi-alis.pl\/index.php\/product\/krzemien-pasiasty-plaster-2\/\" title=\"Krzemie\u0144 pasiasty plaster 2\">Krzemie\u0144 pasiasty plaster 2<\/a><\/h2>\n\t\t\t<div class=\"yith-add-to-wishlist-button-block\" data-product-id=\"5669\" data-attributes=\"{&quot;kind&quot;:&quot;button&quot;}\"><\/div>\t\t<\/div>\n\t\t\n\t\t<div class=\"product_after_title\">\n\n\t\t\t<div class=\"product_after_shop_loop_price\">\n\t\t\t\t\n\t<span class=\"price\"><span class=\"woocommerce-Price-amount amount\"><bdi>75,00&nbsp;<span class=\"woocommerce-Price-currencySymbol\">&#122;&#322;<\/span><\/bdi><\/span><\/span>\n\t\t\t<\/div>\n\n\t\t\t<div class=\"product-excerpt\">\n\t\t\t\t<p>Krzemie\u0144 pasiasty-wyj\u0105tkowy polski kamie\u0144 ozdobny, nazywany &#8222;polskim diamentem&#8221;, o charakterystycznych jasnych i ciemnych pasach. Symbolizuje si\u0142\u0119 wewn\u0119trzn\u0105, ochron\u0119 i stabilno\u015b\u0107; wspiera odwag\u0119, koncentracj\u0119 oraz wytrwa\u0142o\u015b\u0107 w d\u0105\u017ceniu do cel\u00f3w. Uwa\u017cany za kamie\u0144 uziemienia i harmonii, ceniony w bi\u017cuterii oraz jako amulet ochronny. Wymiary produktu: D\u0142ugo\u015b\u0107:+\/-12cm Szeroko\u015b\u0107:+\/-10cm Waga-214g Cena dotyczy 1 [&hellip;]<\/p>\n\t\t\t<\/div>\n\n\t\t\t<div class=\"after_shop_loop_actions\">\n\n\t\t\t\t<a href=\"\/index.php\/wp-json\/wp\/v2\/pages\/6819?add-to-cart=5669\" aria-describedby=\"woocommerce_loop_add_to_cart_link_describedby_5669\" data-quantity=\"1\" class=\"button product_type_simple add_to_cart_button ajax_add_to_cart\" data-product_id=\"5669\" data-product_sku=\"\" aria-label=\"Dodaj do koszyka: &bdquo;Krzemie\u0144 pasiasty plaster 2&rdquo;\" rel=\"nofollow\" data-success_message=\"&ldquo;Krzemie\u0144 pasiasty plaster 2&rdquo; zosta\u0142 dodany do twojego koszyka\" role=\"button\"><span class=\"text\">Dodaj do koszyka<\/span><span class=\"icon et-icon et-shopping-bag\"><\/span><\/a>\t<span id=\"woocommerce_loop_add_to_cart_link_describedby_5669\" class=\"screen-reader-text\">\n\t\t<\/span>\n\t\t\t<\/div>\n\n\t\t<\/div>\n\n\t\t\n\t<\/div>\n\n\t<\/div>\n\n<\/li>\n<li class=\"item et-listing-style1 col-6 col-sm-6 col-md-4 col-lg-3 small_grid_5 product type-product post-5672 status-publish instock product_cat-kamienie product_cat-krzemien-pasiasty product_cat-plaster has-post-thumbnail shipping-taxable purchasable product-type-simple\">\n\t<div class=\"product-inner animation fade\">\n\t\t<figure class=\"product_thumbnail et-image-hover\">  \n\t\t<a href=\"https:\/\/www.skarbyziemi-alis.pl\/index.php\/product\/krzemien-pasiasty-plaster-3\/\" title=\"Krzemie\u0144 pasiasty plaster 3\"><img loading=\"lazy\" decoding=\"async\" width=\"450\" height=\"600\" src=\"https:\/\/www.skarbyziemi-alis.pl\/wp-content\/uploads\/2026\/01\/Krzemien-pasiasty-plaster-3-450x600.jpg\" class=\"main-image skip-lazy\" alt=\"Krzemie\u0144 pasiasty plaster 3\" srcset=\"https:\/\/www.skarbyziemi-alis.pl\/wp-content\/uploads\/2026\/01\/Krzemien-pasiasty-plaster-3-450x600.jpg 450w, https:\/\/www.skarbyziemi-alis.pl\/wp-content\/uploads\/2026\/01\/Krzemien-pasiasty-plaster-3-225x300.jpg 225w, https:\/\/www.skarbyziemi-alis.pl\/wp-content\/uploads\/2026\/01\/Krzemien-pasiasty-plaster-3-113x150.jpg 113w, https:\/\/www.skarbyziemi-alis.pl\/wp-content\/uploads\/2026\/01\/Krzemien-pasiasty-plaster-3.jpg 750w\" sizes=\"auto, (max-width: 450px) 100vw, 450px\" \/><img loading=\"lazy\" decoding=\"async\" width=\"450\" height=\"600\" src=\"https:\/\/www.skarbyziemi-alis.pl\/wp-content\/uploads\/2026\/01\/Krzemien-pasiasty-plaster-3-2-450x600.jpg\" class=\"product_thumbnail_hover\" alt=\"\" srcset=\"https:\/\/www.skarbyziemi-alis.pl\/wp-content\/uploads\/2026\/01\/Krzemien-pasiasty-plaster-3-2-450x600.jpg 450w, https:\/\/www.skarbyziemi-alis.pl\/wp-content\/uploads\/2026\/01\/Krzemien-pasiasty-plaster-3-2-225x300.jpg 225w, https:\/\/www.skarbyziemi-alis.pl\/wp-content\/uploads\/2026\/01\/Krzemien-pasiasty-plaster-3-2-113x150.jpg 113w, https:\/\/www.skarbyziemi-alis.pl\/wp-content\/uploads\/2026\/01\/Krzemien-pasiasty-plaster-3-2.jpg 750w\" sizes=\"auto, (max-width: 450px) 100vw, 450px\" \/><\/a>\n\t\t\t\t<div class=\"actions-wrapper\">\n\t\t\t\t\t\t\t\t\t\t\t\t<a href=https:\/\/www.skarbyziemi-alis.pl\/index.php\/product\/krzemien-pasiasty-plaster-3\/ title=\"Quick View\" data-product_id=\"5672\" class=\"et-quickview-btn et-tooltip product_type_simple\"><span class=\"text\">Quick View<\/span><span class=\"icon\"><span class=\"et-icon et-maximize-2\"><\/span><\/span><\/a>\t\t\t<\/div>\n\t<\/figure>\n\t<div class=\"caption\">\n\t\t<div class=\"product-title\">\n\t\t\t<h2><a class=\"product-link\" href=\"https:\/\/www.skarbyziemi-alis.pl\/index.php\/product\/krzemien-pasiasty-plaster-3\/\" title=\"Krzemie\u0144 pasiasty plaster 3\">Krzemie\u0144 pasiasty plaster 3<\/a><\/h2>\n\t\t\t<div class=\"yith-add-to-wishlist-button-block\" data-product-id=\"5672\" data-attributes=\"{&quot;kind&quot;:&quot;button&quot;}\"><\/div>\t\t<\/div>\n\t\t\n\t\t<div class=\"product_after_title\">\n\n\t\t\t<div class=\"product_after_shop_loop_price\">\n\t\t\t\t\n\t<span class=\"price\"><span class=\"woocommerce-Price-amount amount\"><bdi>69,00&nbsp;<span class=\"woocommerce-Price-currencySymbol\">&#122;&#322;<\/span><\/bdi><\/span><\/span>\n\t\t\t<\/div>\n\n\t\t\t<div class=\"product-excerpt\">\n\t\t\t\t<p>Krzemie\u0144 pasiasty-wyj\u0105tkowy polski kamie\u0144 ozdobny, nazywany &#8222;polskim diamentem&#8221;, o charakterystycznych jasnych i ciemnych pasach. Symbolizuje si\u0142\u0119 wewn\u0119trzn\u0105, ochron\u0119 i stabilno\u015b\u0107; wspiera odwag\u0119, koncentracj\u0119 oraz wytrwa\u0142o\u015b\u0107 w d\u0105\u017ceniu do cel\u00f3w. Uwa\u017cany za kamie\u0144 uziemienia i harmonii, ceniony w bi\u017cuterii oraz jako amulet ochronny. Wymiary produktu: D\u0142ugo\u015b\u0107:+\/-10,5cm Szeroko\u015b\u0107:+\/-9cm Waga-176g Cena dotyczy 1 [&hellip;]<\/p>\n\t\t\t<\/div>\n\n\t\t\t<div class=\"after_shop_loop_actions\">\n\n\t\t\t\t<a href=\"\/index.php\/wp-json\/wp\/v2\/pages\/6819?add-to-cart=5672\" aria-describedby=\"woocommerce_loop_add_to_cart_link_describedby_5672\" data-quantity=\"1\" class=\"button product_type_simple add_to_cart_button ajax_add_to_cart\" data-product_id=\"5672\" data-product_sku=\"\" aria-label=\"Dodaj do koszyka: &bdquo;Krzemie\u0144 pasiasty plaster 3&rdquo;\" rel=\"nofollow\" data-success_message=\"&ldquo;Krzemie\u0144 pasiasty plaster 3&rdquo; zosta\u0142 dodany do twojego koszyka\" role=\"button\"><span class=\"text\">Dodaj do koszyka<\/span><span class=\"icon et-icon et-shopping-bag\"><\/span><\/a>\t<span id=\"woocommerce_loop_add_to_cart_link_describedby_5672\" class=\"screen-reader-text\">\n\t\t<\/span>\n\t\t\t<\/div>\n\n\t\t<\/div>\n\n\t\t\n\t<\/div>\n\n\t<\/div>\n\n<\/li>\n<li class=\"item et-listing-style1 col-6 col-sm-6 col-md-4 col-lg-3 small_grid_5 product type-product post-5675 status-publish last instock product_cat-kamienie product_cat-krzemien-pasiasty product_cat-plaster has-post-thumbnail shipping-taxable purchasable product-type-simple\">\n\t<div class=\"product-inner animation fade\">\n\t\t<figure class=\"product_thumbnail et-image-hover\">  \n\t\t<a href=\"https:\/\/www.skarbyziemi-alis.pl\/index.php\/product\/krzemien-pasiasty-plaster-4\/\" title=\"Krzemie\u0144 pasiasty plaster 4\"><img loading=\"lazy\" decoding=\"async\" width=\"450\" height=\"600\" src=\"https:\/\/www.skarbyziemi-alis.pl\/wp-content\/uploads\/2026\/01\/Krzemien-pasiaty-plaster-4-450x600.jpg\" class=\"main-image skip-lazy\" alt=\"Krzemie\u0144 pasiasty plaster 4\" srcset=\"https:\/\/www.skarbyziemi-alis.pl\/wp-content\/uploads\/2026\/01\/Krzemien-pasiaty-plaster-4-450x600.jpg 450w, https:\/\/www.skarbyziemi-alis.pl\/wp-content\/uploads\/2026\/01\/Krzemien-pasiaty-plaster-4-225x300.jpg 225w, https:\/\/www.skarbyziemi-alis.pl\/wp-content\/uploads\/2026\/01\/Krzemien-pasiaty-plaster-4-113x150.jpg 113w, https:\/\/www.skarbyziemi-alis.pl\/wp-content\/uploads\/2026\/01\/Krzemien-pasiaty-plaster-4.jpg 750w\" sizes=\"auto, (max-width: 450px) 100vw, 450px\" \/><img loading=\"lazy\" decoding=\"async\" width=\"450\" height=\"600\" src=\"https:\/\/www.skarbyziemi-alis.pl\/wp-content\/uploads\/2026\/01\/Krzemien-pasiasty-plaster-4-1-450x600.jpg\" class=\"product_thumbnail_hover\" alt=\"\" srcset=\"https:\/\/www.skarbyziemi-alis.pl\/wp-content\/uploads\/2026\/01\/Krzemien-pasiasty-plaster-4-1-450x600.jpg 450w, https:\/\/www.skarbyziemi-alis.pl\/wp-content\/uploads\/2026\/01\/Krzemien-pasiasty-plaster-4-1-225x300.jpg 225w, https:\/\/www.skarbyziemi-alis.pl\/wp-content\/uploads\/2026\/01\/Krzemien-pasiasty-plaster-4-1-113x150.jpg 113w, https:\/\/www.skarbyziemi-alis.pl\/wp-content\/uploads\/2026\/01\/Krzemien-pasiasty-plaster-4-1.jpg 750w\" sizes=\"auto, (max-width: 450px) 100vw, 450px\" \/><\/a>\n\t\t\t\t<div class=\"actions-wrapper\">\n\t\t\t\t\t\t\t\t\t\t\t\t<a href=https:\/\/www.skarbyziemi-alis.pl\/index.php\/product\/krzemien-pasiasty-plaster-4\/ title=\"Quick View\" data-product_id=\"5675\" class=\"et-quickview-btn et-tooltip product_type_simple\"><span class=\"text\">Quick View<\/span><span class=\"icon\"><span class=\"et-icon et-maximize-2\"><\/span><\/span><\/a>\t\t\t<\/div>\n\t<\/figure>\n\t<div class=\"caption\">\n\t\t<div class=\"product-title\">\n\t\t\t<h2><a class=\"product-link\" href=\"https:\/\/www.skarbyziemi-alis.pl\/index.php\/product\/krzemien-pasiasty-plaster-4\/\" title=\"Krzemie\u0144 pasiasty plaster 4\">Krzemie\u0144 pasiasty plaster 4<\/a><\/h2>\n\t\t\t<div class=\"yith-add-to-wishlist-button-block\" data-product-id=\"5675\" data-attributes=\"{&quot;kind&quot;:&quot;button&quot;}\"><\/div>\t\t<\/div>\n\t\t\n\t\t<div class=\"product_after_title\">\n\n\t\t\t<div class=\"product_after_shop_loop_price\">\n\t\t\t\t\n\t<span class=\"price\"><span class=\"woocommerce-Price-amount amount\"><bdi>73,00&nbsp;<span class=\"woocommerce-Price-currencySymbol\">&#122;&#322;<\/span><\/bdi><\/span><\/span>\n\t\t\t<\/div>\n\n\t\t\t<div class=\"product-excerpt\">\n\t\t\t\t<p>Krzemie\u0144 pasiasty-wyj\u0105tkowy polski kamie\u0144 ozdobny, nazywany &#8222;polskim diamentem&#8221;, o charakterystycznych jasnych i ciemnych pasach. Symbolizuje si\u0142\u0119 wewn\u0119trzn\u0105, ochron\u0119 i stabilno\u015b\u0107; wspiera odwag\u0119, koncentracj\u0119 oraz wytrwa\u0142o\u015b\u0107 w d\u0105\u017ceniu do cel\u00f3w. Uwa\u017cany za kamie\u0144 uziemienia i harmonii, ceniony w bi\u017cuterii oraz jako amulet ochronny. Wymiary produktu: D\u0142ugo\u015b\u0107:+\/-12cm Szeroko\u015b\u0107:+\/-9cm Waga-189g Cena dotyczy 1 [&hellip;]<\/p>\n\t\t\t<\/div>\n\n\t\t\t<div class=\"after_shop_loop_actions\">\n\n\t\t\t\t<a href=\"\/index.php\/wp-json\/wp\/v2\/pages\/6819?add-to-cart=5675\" aria-describedby=\"woocommerce_loop_add_to_cart_link_describedby_5675\" data-quantity=\"1\" class=\"button product_type_simple add_to_cart_button ajax_add_to_cart\" data-product_id=\"5675\" data-product_sku=\"\" aria-label=\"Dodaj do koszyka: &bdquo;Krzemie\u0144 pasiasty plaster 4&rdquo;\" rel=\"nofollow\" data-success_message=\"&ldquo;Krzemie\u0144 pasiasty plaster 4&rdquo; zosta\u0142 dodany do twojego koszyka\" role=\"button\"><span class=\"text\">Dodaj do koszyka<\/span><span class=\"icon et-icon et-shopping-bag\"><\/span><\/a>\t<span id=\"woocommerce_loop_add_to_cart_link_describedby_5675\" class=\"screen-reader-text\">\n\t\t<\/span>\n\t\t\t<\/div>\n\n\t\t<\/div>\n\n\t\t\n\t<\/div>\n\n\t<\/div>\n\n<\/li><\/ul>\n<\/div>[\/vc_column][\/vc_row]\n<\/div>","protected":false},"excerpt":{"rendered":"<p>[vc_row content_placement=&#8221;middle&#8221;][vc_column width=&#8221;4\/5&#8243; offset=&#8221;vc_col-lg-offset-1&#8243;][vc_column_text css=&#8221;&#8221; animation=&#8221;animation scale&#8221;] [\/vc_column_text][vc_text_separator title=&#8221;Podkategorie&#8221;][\/vc_column][\/vc_row][vc_row et_column_align=&#8221;align-center&#8221; equal_height=&#8221;yes&#8221;][vc_column][\/vc_column][\/vc_row][vc_row][vc_column][vc_text_separator title=&#8221;Produkty&#8221; css=&#8221;&#8221;][\/vc_column][\/vc_row][vc_row][vc_column][\/vc_column][\/vc_row]<\/p>\n","protected":false},"author":1,"featured_media":0,"parent":4354,"menu_order":0,"comment_status":"closed","ping_status":"closed","template":"","meta":{"footnotes":""},"class_list":["post-6819","page","type-page","status-publish","hentry"],"_links":{"self":[{"href":"https:\/\/www.skarbyziemi-alis.pl\/index.php\/wp-json\/wp\/v2\/pages\/6819","targetHints":{"allow":["GET"]}}],"collection":[{"href":"https:\/\/www.skarbyziemi-alis.pl\/index.php\/wp-json\/wp\/v2\/pages"}],"about":[{"href":"https:\/\/www.skarbyziemi-alis.pl\/index.php\/wp-json\/wp\/v2\/types\/page"}],"author":[{"embeddable":true,"href":"https:\/\/www.skarbyziemi-alis.pl\/index.php\/wp-json\/wp\/v2\/users\/1"}],"replies":[{"embeddable":true,"href":"https:\/\/www.skarbyziemi-alis.pl\/index.php\/wp-json\/wp\/v2\/comments?post=6819"}],"version-history":[{"count":1,"href":"https:\/\/www.skarbyziemi-alis.pl\/index.php\/wp-json\/wp\/v2\/pages\/6819\/revisions"}],"predecessor-version":[{"id":6820,"href":"https:\/\/www.skarbyziemi-alis.pl\/index.php\/wp-json\/wp\/v2\/pages\/6819\/revisions\/6820"}],"up":[{"embeddable":true,"href":"https:\/\/www.skarbyziemi-alis.pl\/index.php\/wp-json\/wp\/v2\/pages\/4354"}],"wp:attachment":[{"href":"https:\/\/www.skarbyziemi-alis.pl\/index.php\/wp-json\/wp\/v2\/media?parent=6819"}],"curies":[{"name":"wp","href":"https:\/\/api.w.org\/{rel}","templated":true}]}}